Let g(w) = -4*w**2 - w + 2. Let d(f) be the third derivative of -f**5/60 - f**3/6 - 2*f**2 + 35*f. Let a(i) = -5*d(i) + g(i). Calculate a(0).
7
Let u(w) be the second derivative of -w**4/12 + 83*w**2/2 + w - 2. Let j(v) be the first derivative of u(v). Determine j(9).
-18
Let a = 15 - 9. Let h(d) = -5*d**2 - 875 + 1614 - 6*d + d**3 - 739. Give h(a).
0
Suppose 70 = 9*g - 8*g. Let b be g/(-20)*24/(-14). Let w(o) = 2*o + 5. Give w(b).
17
Suppose 0 = -193*k + 190*k - 21. Let d(f) = 5*f + 6. Determine d(k).
-29
Suppose -x - 12*x = 48*x. Let j(u) be the second derivative of 1/12*u**4 + x + u**2 + 1/3*u**3 - 41*u. What is j(3)?
17
Let g(u) be the second derivative of u**5/10 + 11*u**4/3 + u**3/6 + 21*u**2/2 + 174*u. What is g(-22)?
-1
Let v(c) be the first derivative of 3*c**4/4 + 19*c**3/3 - 6*c**2 + 19*c - 744. What is v(-7)?
5
Let a = 93189 - 93191. Let d(o) = 0 + 2*o**2 + 1 + o**3 + 3*o**3. Give d(a).
-23
Let g(v) = 8*v**2 + 11*v - 25. Let j(n) = 7*n**2 + 10*n - 18. Let l(x) = 5*g(x) - 6*j(x). What is l(-6)?
-59
Let i(y) = -9*y - 51. Let q(m) = 16*m + 104. Let k(p) = -5*i(p) - 2*q(p). Calculate k(-4).
-5
Let s(f) = f**2 - 2*f - 1. Let a be 1*5/15*6. Suppose 0*r - 5*p + 7 = -a*r, 5*r - 4*p = -9. What is s(r)?
2
Let k(f) be the third derivative of f**2 - 1/15*f**5 + 1/120*f**6 + 7/6*f**3 - 1/4*f**4 - 20 + 0*f. Give k(5).
2
Let l(u) = 5*u - 1. Let s be (8/(-18))/1 + (-1260)/2268. Determine l(s).
-6
Let u(r) be the second derivative of r**4/3 + r**3 + r**2/2 - 74*r. Give u(-1).
-1
Let t(o) be the first derivative of 0*o**2 + 10 - 1/6*o**4 + 1/60*o**5 + 25/3*o**3 + 0*o. Let a(j) be the third derivative of t(j). Calculate a(4).
4
Let g(h) be the first derivative of 2*h**3/3 + 2*h**2 + 4*h + 736. Calculate g(4).
52
Let m(g) be the first derivative of g**2/2 - 12*g + 522. Suppose 25 = -2*t - 3*t, 3*f - 5*t - 25 = 0. What is m(f)?
-12
Let d be 246/31 + (-96)/(-1488). Let j = -6 + d. Let m(o) = 4*o**3 - 3*o + 2. Calculate m(j).
28
Let p(y) = y - 11. Let f be (-75 - -60)/(1/(-3)). Suppose 2*w + 4*r - 27 = 7*r, 3*r + f = 5*w. What is p(w)?
-5
Let g = 20 + -15. Suppose g*f = 4*n - 11 - 7, -3*n + 5*f = -11. Suppose 1 - n = -k. Let x(i) = -i**3 + 6*i**2 - 2*i + 7. Determine x(k).
-5
Let t(p) = -3*p**2 + 23*p**2 + 16 + 0*p**2. Let y(g) = -g**2 - 5*g + 107. Let v be y(8). Let c(b) = 4*b**2 + 3. Let q(u) = v*t(u) - 16*c(u). Give q(-1).
-4
Let p(b) be the third derivative of b**5/60 + 31*b**4/24 - 28*b**3/3 + 4898*b**2. What is p(-33)?
10
Let u(g) be the second derivative of g**5/20 + 3*g**4/4 - 5*g**2 - 75*g - 3. What is u(-8)?
54
Let d(t) be the second derivative of -t**5/4 + t**3/3 - t**2/2 - 57*t - 2. Let z(s) = -s + 5. Let c be z(5). Suppose -4*o + 5*o - 1 = c. Determine d(o).
-4
Let o(x) = 3*x**2 - 8*x + 2. Let w be -13 - (-14 - -2) - -4. What is o(w)?
5
Let j(i) be the second derivative of -i**6/120 + i**5/20 + i**4/24 + i**3/6 + 39*i**2/2 + 24*i. Let m(h) be the first derivative of j(h). What is m(4)?
-11
Let q(h) = 9*h**2. Suppose -3*r = -2*t - 1226, 6*t - 5*r + 1839 = 3*t. Let y = t - -612. Give q(y).
9
Let m(z) be the third derivative of z**6/120 - z**5/60 - z**4/24 - 19*z**3/3 - z**2. Suppose -5*k = -65*o + 69*o, -2*o - 5*k = o. Give m(o).
-38
Let o(z) be the second derivative of 2*z**3/3 - 34*z**2 - 860*z. Calculate o(19).
8
Let m(v) = -7*v. Let u(w) = 5*w - 1. Let g(z) = 21*z + 150. Let q be g(-7). Let a(k) = q*m(k) + 4*u(k). What is a(0)?
-4
Let m(o) = 4*o**2 - 44*o - 2. Let s be m(11). Let x(k) be the second derivative of -1/3*k**3 + k**2 - 5/12*k**4 + 0 - 11*k. Determine x(s).
-14
Let g(t) = -t**2 - 7*t + 7. Suppose -3*k + 44 = -5*x, -2*k - x = -k - 12. Let q = 15 - k. Suppose -2*j - 2*j - q*a - 18 = 0, 0 = -4*a + 20. What is g(j)?
7
Suppose -3*c = -44*c - 246. Let d(n) = -n**2 - 8*n - 8. Give d(c).
4
Let c(y) be the first derivative of -11/3*y**3 - 23 - 1/4*y**4 + 0*y**2 + 1/120*y**5 + 0*y. Let p(x) be the third derivative of c(x). Calculate p(-6).
-12
Let d(z) be the first derivative of -z**5/40 - 5*z**4/12 + 20*z**3/3 - z + 24. Let r(q) be the third derivative of d(q). Calculate r(-3).
-1
Suppose 0 = 2*r - j + 6*j + 394, 5*j = -4*r - 768. Let o = r + 204. Let y(g) = -g**2 + 18*g - 22. Determine y(o).
-5
Let w(k) = -k**3 - 6*k**2 - 5*k + 2. Suppose -36 - 21 = 19*h. Determine w(h).
-10
Let k(z) = 4*z**2 - 20*z - 18. Let l(u) = u**2 - 3. Let f(c) = -k(c) + 5*l(c). What is f(-20)?
3
Let d be 35/21*(-429)/65. Let i(k) = k**3 + 4*k**2 - 78*k - 9. Give i(d).
2
Let w(d) = -6*d + 255. Let q be w(37). Let u(c) = 5*c - 14*c + 4*c - q. What is u(-7)?
2
Let x(n) = n + 16. Let p be x(-16). Let o(g) = -3*g**3 - g**2 + g**3 + g + 3*g**3 + 47 - 50. Calculate o(p).
-3
Let b be ((-15)/(-9))/(0 - (-15)/45). Let x(z) = 8*z - 36. Calculate x(b).
4
Let x = 5037 - 5036. Let l = -17 + 27. Let w(u) = -8*u - 2 - l*u + 3. Calculate w(x).
-17
Let v be ((-2)/(-8))/((-126)/2016). Let w(s) = s**3 + s**2 - 6*s + 26. Give w(v).
2
Let d(q) = 7*q**2 + 2*q + 3. Let x be 10/(-4)*-14*8/(-280). Determine d(x).
8
Let m be -1*(-1)/(2/6). Let a be (-4)/6 - 1/m. Let k(g) be the third derivative of -g**6/40 + g**4/24 - 3*g**2 + 1670. Determine k(a).
2
Let l(q) = q**2 - 3. Let k(j) = -3*j**2 + j + 8. Let w be 1/4 - 871/(-52). Let u(y) = w*l(y) + 6*k(y). What is u(3)?
6
Let v be (-5)/10 + ((-441)/(-6) - 2). Let h(j) = -8*j**3 + 2*j**2 - j + 1. Let r be h(-2). Let x = v - r. Let u(f) = -f**3 - 5*f**2 - 5*f - 5. What is u(x)?
-1
Let o be (9 - 6) + 0/3 + 8. Let s(a) = -a**3 + 11*a**2 + 2*a - 16. Calculate s(o).
6
Let w(v) = v**3 + 34*v**2 + 35*v + 66. Let y(r) = -507*r + 3009. Let l be y(6). Determine w(l).
0
Let r = 2 + 13. Let v(d) = -9 - 17 + d**3 - 6*d + r - 7*d**2. Give v(8).
5
Let z = -109 + 107. Let q be (((-32)/((-4)/(-1)))/1)/z. Let v(m) = 6 - q + 5*m - 6 + 3. Calculate v(-3).
-16
Let t be -9*220/180 + 6. Let g(j) be the third derivative of -j**4/12 - 4*j**3/3 - 2*j**2. Give g(t).
2
Let g(v) = -4*v - 60. Let a be g(-15). Suppose a = -7*f + 10*f + 9. Let n(h) = h**2 - 2*h - 5. Give n(f).
10
Let b(t) = 2*t**3 + 134 + 4*t**3 + 0*t**3 - 46*t**2 - 5*t**3 + 42*t. Let s be b(45). Let h(o) = -3*o**3 + 1 + o**3 + o**2 - 2. Give h(s).
2
Let y(p) = p**3 + 6*p**2 + 5*p - 1. Let h(v) = -v**2 - 4*v + 2. Let s(o) = -o**3 - o**2 - o - 8. Let c be s(0). Let m be h(c). Let b = 25 + m. Calculate y(b).
-1
Let b = 47 + -46. Let o(r) = -r - 5. Suppose -4*l + 0*l = -2*h - 14, h - 5 = -2*l. Let m(p) = 1. Let v(k) = b*o(k) + h*m(k). Give v(0).
-6
Let a(b) be the second derivative of -1/20*b**5 - 5/6*b**3 + 1/2*b**4 - 2 + 4*b - 3/2*b**2. Give a(5).
-3
Let w(p) = 52*p**3 + 22*p**2 - 6*p - 7. Let h(l) = -73*l**3 - 33*l**2 + 9*l + 10. Let m(g) = 5*h(g) + 7*w(g). Determine m(-3).
-80
Let m = 1966 + -1969. Let x(b) be the first derivative of 4*b**2 - b + 23. Give x(m).
-25
Let m(a) be the second derivative of a**5/20 - 5*a**4/12 - 5*a**2/2 - a. Let s = -56 + -307. Let r = s + 367. Give m(r).
-21
Let q(s) = -9*s**2 + 22*s - 15. Let m(z) = 5*z**2 - 12*z + 8. Suppose -1 + 8 = w + 2*k, w + 4*k = 3. Let u(x) = w*m(x) + 6*q(x). Give u(2).
2
Let m(k) = -k**2 + 9*k + 21. Suppose -20*c + 228 = -6*c + 60. Calculate m(c).
-15
Let y = 4 - 2. Let d(r) = -14*r - 15. Let a(i) = 40*i + 42. Let v be (-178)/(-10) + (-192)/240. Let k(n) = v*d(n) + 6*a(n). What is k(y)?
1
Let i(b) = 9*b + 5 - 5*b - 8*b. Let o(j) = 2*j**3 + 53*j**2 - 34*j - 181. Let n be o(-27). Calculate i(n).
-27
Let x(u) = -21*u + 14. Let t(j) = -j**2 + 20*j + 45. Let c be t(22). Let n(p) = 4*p. Let i(h) = c*x(h) + 5*n(h). Determine i(6).
8
Let y(l) be the second derivative of -l**8/3360 + l**7/2520 - l**6/360 + l**5/120 + 7*l**4/6 + 48*l. Let f(h) be the third derivative of y(h). Give f(1).
-2
Let s(b) = -b - 7. Suppose -963 = 724*r - 733*r. Suppose -r - 61 = 24*g. Determine s(g).
0
Let m(b) be the first derivative of 3*b**4/4 - b**2/2 - b + 29. Suppose -17*d = 28 - 11. Give m(d).
-3
Let x(c) = -50 - c - 56 + 164 - 57 - 3*c. Let p(s) = -s**3 + 2*s**2 + 2. Let y be p(3). Give x(y).
29
Let z = 3 - 6. Let g(j) = 631*j - 4 - 302*j - 331*j. Determine g(z).
2
Let z(o) be the first derivative of o**3/3 + 11*o**2/2 - 4*o + 19. Suppose -48 + 13 = 14*y + 77. What is z(y)?
-28
Let w(k) = 13*k**3 + 20*k**2 + 8*k - 17. Let f(u) = 41*u**3 + 62*u**2 + 26*u - 50. Let y(t) = 6*